u(r) = -2*r**3 - 112*r**2 - 2*r - 104. Let i be u(-56). Suppose -46975 - 110745 = -i*x. Is x prime?
False
Suppose -2*k = -3*j - 6, 3*j = -2*j. Suppose -5*h - 2*m = -23925, -2*m + 4*m = -k*h + 14359. Is h prime?
True
Let p = -33 - -11. Let u be (-99)/p + 9/(-6). Suppose 0 = -u*f + 1376 + 565. Is f composite?
False
Let u = 850 - 848. Let p be (-3)/(1*(-6)/8). Suppose p*i = f - 393, 2*f - 808 = -i - u*i. Is f a prime number?
True
Suppose 0 = -6*f - 6*f + 27224 + 22036. Is f a prime number?
False
Suppose -3*d = -4*p - 0*p + 122, -4*d - 4*p - 200 = 0. Let c = 48 + d. Is (-890)/6*(c - (-25)/(-5)) a composite number?
True
Suppose -5*m = -25, 4*f - 25196 = 3*m + 7481. Is f a prime number?
False
Let b = 61057 + 107702. Suppose k - f = 3*k - b, 4*k + f - 337513 = 0. Is k prime?
True
Let w(z) be the second derivative of 2417*z**4/12 - z**3/6 - 3*z**2/2 + 51*z. Is w(1) a composite number?
True
Suppose 4*z - 15 = f, 0 = 5*z + 3*f - 7*f - 27. Suppose -2*t - 5*v - 6741 = -z*t, 3*v - 3 = 0. Is t a composite number?
True
Let k(c) = 0*c - c + c**3 + 9*c + 12*c**2. Let x be k(-8). Is (5 - 4)*(x - 1) composite?
False
Let x = 131381 - 53050. Is x a composite number?
True
Is 0 + 10343 + 64/16 a composite number?
True
Let y(x) = -x**3 + 4*x**2 + 2*x - 3. Let p be y(2). Let q = 9 + p. Is (-7)/(-35) + q/10 + 175 a composite number?
True
Let r(b) = -1463*b + 1. Let n(s) = -s + 8. Let k be n(6). Suppose -i - 3*y = 17, 3*i + y + 21 = -k*y. Is r(i) a prime number?
True
Let r be (-5)/(-2) + (-7)/2 - -1. Suppose -4*n - 2*n + 66630 = r. Is n prime?
False
Let l(q) = 10*q**3 - 66*q**2 - 18*q + 79. Is l(19) a composite number?
False
Let y(u) = u - 5 - 17 - 11*u + 6*u**2 + u**3 + 0*u**3. Let w be y(-7). Is w*(-14)/(-21)*498/(-4) a composite number?
False
Suppose -3*f + 40 = 2*h, 50 = 4*f - 5*h + 7*h. Suppose 0*r + 138966 = 4*v + 2*r, 2*r = f. Is v a composite number?
False
Suppose -3*a = -4*h - 1, 5*a - 21 + 28 = -2*h. Is a/10 - 147996/(-360) a composite number?
True
Suppose -11*h + 30 = -h. Suppose -29 = 3*s + 4*m, s + h*m = 5*s - 3. Is s - 1 - 378/(-14) prime?
True
Let n(q) = -5*q - 4 + 198*q**2 + 0 - 104*q**2. Is n(-7) a prime number?
True
Let d(p) = 3*p**3 - 15*p**2 + 16*p + 7. Let b(l) = l**3 + l**2. Let q(r) = -2*b(r) + d(r). Let j be q(16). Is (-719)/(-6 + -3 + j - -1) prime?
True
Suppose -478*y - 623266026 = -880*y. Is y a prime number?
True
Let w = -178 + 215. Is w*-17*4/(-4) a composite number?
True
Suppose 3*g - 43*w + 41*w = 28905, -g + 3*w + 9635 = 0. Let q = g - 6718. Is q prime?
True
Suppose -4*n - 33 = -413. Let s = n - 56. Suppose 3694 = -s*d + 41*d. Is d prime?
True
Let a = -45 - -66. Suppose a = 18*g - 15*g. Is (-501)/(-2) - g/(-14) a composite number?
False
Let n be (1 - -7)*(-1)/((-2)/2). Let m be 0/(7/(28/n)). Suppose -285 = -3*f + 5*r, m*f - r = f - 95. Is f composite?
True
Let v(w) = -w**3 - 11*w**2 - 10*w. Let t be v(-10). Suppose t = 9*y - 5*y - 7652. Suppose 1173 + y = 2*q. Is q a composite number?
False
Let w = 465584 - 211969. Is w composite?
True
Let o(s) = -907*s. Let q be 28/21*(-186)/(-4). Let t = q + -63. Is o(t) prime?
True
Suppose 72*c = 77*c - 35. Let i(u) = 249*u - 146. Is i(c) a composite number?
False
Let g(x) = 77*x**2 + 3*x - 5. Let a be g(6). Is -8*6/(-240)*a prime?
True
Let k = -1975322 + 3432883. Is k a composite number?
True
Let m = 1 - 6. Let f be (-9)/((-72)/(-64)) - -59. Is (f - -1)*m/(-4) a composite number?
True
Let t be 2*(7/2 - 5)*-24. Suppose -77 = -g + 164. Let o = g - t. Is o a prime number?
False
Suppose -341 = -4*g - 329. Suppose -u + 3*u - 3657 = -x, -5*x - g*u + 18292 = 0. Is x a composite number?
False
Let c = 405 + -409. Is (-228564)/(-72)*c/(-2) composite?
True
Suppose 4*j + 12 = 3*k, 2*j - 15 = 7*j. Suppose 12 = 6*l - k. Suppose 3*z - 3737 = -l*z + 4*y, -2*z + 1490 = -4*y. Is z a composite number?
True
Suppose 31*m - 27*m = 220. Let b = m + -49. Is 5705/45 - b/(-27) composite?
False
Let d(t) = -5*t**3 + 14*t**2 - 4*t + 13. Suppose 3 = 5*b - 27. Let h be d(b). Is h/(2/2 + -2) composite?
False
Suppose 4*l + 2*m - 26814 = -l, 0 = -4*l + 5*m + 21438. Suppose l = -64*r + 66*r. Is r a prime number?
False
Let q = -62 - -60. Let n be (-95)/((-236)/78 + q + 5). Suppose -5*l - 5*o = -n, 0 = -3*l - l - 3*o + 2966. Is l composite?
False
Let l(i) = 22766*i**2 - 1. Let z be l(1). Let h = z + -11186. Is h composite?
False
Suppose -2*c + 2 = -4. Let g(w) = 55*w + 136. Let h be g(20). Suppose -3*t = 4*s - s - h, c*s - 1216 = t. Is s composite?
True
Suppose 5*d + v - 4 = -v, -19 = -2*d + 5*v. Let k(b) = 9*b**2 + 3*b - 5. Let n be k(d). Is ((-2012)/10)/(7 - n/5) prime?
True
Suppose -48 + 128 = 10*j. Suppose -12078 = -j*z + 26746. Is z prime?
False
Suppose 12*f = 80425 + 25247. Suppose -3*p + 16351 - 1679 = 5*h, -p = -3*h + f. Is h prime?
False
Let k = -45 + 15. Let c = 30 + k. Suppose 3066 = 2*l - x, 12 = 3*x - c. Is l prime?
False
Suppose 5*p - 1818 = -p. Let o = 1273 - p. Let k = -551 + o. Is k a prime number?
True
Let m be 0/2 - (13 + -1)/(-3). Suppose 5*p + 5 = m*p. Let f = p - -448. Is f a composite number?
False
Let w be 6/(-27) + 0 - 1491/(-27). Let m be (-46)/11 - (-10)/w. Is 506*(3 + -3 - m/8) a composite number?
True
Suppose -137916 = -33*o + 30*o + 5*m, 5*m + 229850 = 5*o. Is o composite?
True
Suppose 144208 = 7*j - 153915. Is j a composite number?
False
Is ((-17)/(-816)*-16)/((-2)/1107066) a prime number?
True
Let p = 89 - 99. Suppose z - 2*r = 709, r + 2610 = 4*z - 212. Is 8/p*z/(-6) prime?
False
Suppose -457*g = -479*g + 10179862. Is g a prime number?
False
Suppose 0*o - 24 = 8*o. Let i be (9/o)/9*250*-3. Let k = i - -57. Is k a composite number?
False
Suppose 2549 = 2*s + 331. Let f = 2102 - s. Is f a prime number?
False
Is 6/14 - 15524992/(-49) a composite number?
True
Suppose u + 2*y + 1418 = 292, 2*y = -2. Let p = u + 1921. Is p composite?
False
Let m = -31279 - -100692. Is m composite?
True
Let i be (-144)/(-10)*(-325)/10. Let k(l) = l**3 - 17*l**2 - l + 20. Let u be k(17). Is i/(-3) + (4 - 8) + u a composite number?
True
Let b(u) = 3 + 605*u + 3 - 98*u - 1. Let n be b(5). Let m = -1789 + n. Is m prime?
True
Is (0 + -161698)/(3 + (-50)/10) a composite number?
False
Let j(m) = -m**3 + 8*m**2 + 31*m + 27. Let i be j(11). Suppose 45*r - 114650 = -i*r. Is r a composite number?
False
Let r = 152592 + -87903. Is r a prime number?
False
Let g(w) = 2653*w + 4. Let r be g(-6). Let f be (-8)/(-28) - r/14. Suppose -3*u + 1723 = 4*s, 2*u + 5*s - f = -0*u. Is u a composite number?
True
Suppose 2*q - 3*o - 1 = 0, 4*o - 9 = -2*q - o. Suppose -q*l = -u + 13531, 0*l = -5*u - 3*l + 67681. Is u prime?
False
Let s be -140 - 4/8*-6. Let d = s + 229. Suppose -d = -4*h + 400. Is h a prime number?
False
Is ((-21)/2)/(453/(-4451782)) composite?
True
Suppose 0 = 45*x + 61*x + 78*x - 47230408. Is x prime?
True
Suppose 2*a = 8*a + 18. Let p(w) = w + 7. Let q be p(a). Suppose -1307 = -q*k + 321. Is k a composite number?
True
Suppose -t + 255067 = 21*k - 23*k, -765173 = -3*t + 20*k. Is t a composite number?
False
Let n be 10/(-7)*7/1*-1. Let j(l) = -2*l**2 + 18*l + 8. Let v be j(n). Is (4/v)/(2/(-6714)) prime?
False
Let u(l) = 2*l**3 - 23*l**2 - 6*l - 19. Let b(y) = 3*y**3 - 45*y**2 - 13*y - 37. Let g(q) = -3*b(q) + 5*u(q). Is g(-11) a prime number?
False
Let w(t) = 32 + 487*t**2 + t + 55 - 105. Is w(4) a composite number?
True
Let f(w) = 1224*w**2 - 104*w + 83. Is f(8) a composite number?
False
Suppose 9*x = 13*x - 8. Suppose 2*c - 68 = x*j, 3*c - 4*j - 56 = 46. Is c prime?
False
Let y = 511556 + -349959. Is y a prime number?
False
Let g(l) = -2*l - 16. Let n be g(-8). Suppose 5*d - v - 30 = n, -5*d - 4*v = -7*v - 40. Suppose -3*f + 0*f - j = -2900, 4*f - 3873 = d*j. Is f prime?
True
Let g be (8 + -7)*(1 + -2). Let z be 0/(-1*(g + 3)). Suppose z = 5*a, -2*r = -5*r - 2*a + 1563. Is r a composite number?
False
Suppose 4*z = -2*s + 66 - 284, z - 3*s + 37 = 0. Let p be (-8)/z - (-2 + (-28)/(-13)). Is 2954/28*(p + (4 - 2)) a prime number?
True
Suppose 4*z + 4715 - 12107 = 0. Let m = -859 + z. Is m a prime number?
False
Is 4896 + 3/7 + 342/(-63) a composite number?
True
Suppose -w + 2*s = -17964, 8*s - 6*s + 89780 = 5*w. Let d = w - 8781. Is d a prime number?
True
Suppose -141*l + 177*l - 1501012 = 5017904. Is l a prime number?
True
Suppose -8*p